uppose 0 = -0*j - g*j + 4. Suppose -2*f = 8, 4*y + j*f - 3828 = -0*y. Is y composite?
True
Let j = 297 - 292. Let b = -2509 - -11204. Suppose -1868 = j*i - 2*v - b, v = 4. Is i a composite number?
False
Suppose 694*g - 37939925 = 329*g. Is g a prime number?
False
Let t = -76 + 80. Suppose t*n = -4*b + 65508, n = b - 0*b + 16381. Is n a composite number?
True
Let w(h) = 0 - 2*h + 8*h - 19 - 52*h. Let c = 17 + -28. Is w(c) prime?
True
Is (-14)/(1559256/(-7016409) + (-4)/(-18)) composite?
True
Let g be ((-5764)/(-8) + -4)/(5/10). Let j = g - 528. Is j a composite number?
True
Suppose 9*w + 59652 = -15606. Let d = w - -16971. Is d a prime number?
True
Suppose -13*h + 15*h + 3*j = 907906, 0 = -2*h + 4*j + 907878. Is h prime?
False
Suppose 159*y - 175803 = 4050576. Is y a composite number?
True
Let j(n) = 3*n**2 + 20*n + 7. Let q be j(-6). Is (((-113916)/8)/(-11) + q)*2 prime?
True
Let h be (-190)/2 + -3 - (-7 - -5). Let y be (56/(2 - 1))/(2/h). Let r = -1679 - y. Is r prime?
True
Let a = 17755 + 1796. Suppose -a = -28*j - 3115. Is j composite?
False
Let a(w) = -6*w**3 + 6*w**2 - 7*w + 17. Let b be a(-8). Suppose 598 = r - b. Is r composite?
False
Let y = -401 + 406. Suppose -3861 = y*k - 16156. Is k prime?
True
Let g = -63 + 83. Suppose -4*a = -y - 5, 3*y - g = a + 9. Suppose -898 = 9*n - y*n. Is n a composite number?
False
Let s be (-1)/((4 - 2)/(-74)). Let w = s - 35. Is (-4 + w + -609)*-1 a composite number?
True
Suppose 3*z - 4*q + 51938 = 0, 51943 = -13*z + 10*z + 5*q. Is (-40)/(-10) - (0 + z)/2 a prime number?
False
Is 5/((-390)/12) + (-2)/26*-1738999 prime?
True
Let i = 411 - 404. Suppose 9*h - i*h - 1680 = -b, 5*b = 10. Is h a prime number?
True
Let t be ((-30)/8)/(24/128). Let w = 8 - t. Suppose w*r - 26*r - 222 = 0. Is r a composite number?
True
Suppose -289*b + 311*b + 21692 = 0. Let w = -537 - b. Is w prime?
True
Suppose -40768 = -11*o - 17*o. Is 6/((-4)/(-2)) - (-78 - o) prime?
False
Let c = 4 + -4. Let i = -701 + 739. Suppose 6*o - 472 - i = c. Is o a composite number?
True
Is ((-6)/(-54)*69261)/((-5)/(-45)) composite?
True
Suppose 0 = -5*x + 4*w + 305787, -5*x = 4*w - 5*w - 305793. Is (x/35 + -7)/((-4)/(-10)) a composite number?
True
Let u be (-3)/15 - 144/(-120). Is 2635 - (1 + u - 0) prime?
True
Suppose 8*j = 16*j - 240. Suppose -35*s - j*s + 21515 = 0. Is s composite?
False
Suppose -21*p + 205373 = -14*p. Is p composite?
False
Let l = -69731 - -167058. Is l a prime number?
True
Suppose -16*z = -5*c - 19*z + 734320, -2*c - 2*z = -293724. Is c a composite number?
True
Let y be ((-24)/(-5))/(18/45). Suppose -2*x + 18 = y. Suppose -3*c + 3491 - 272 = x*p, c - 3*p = 1073. Is c a composite number?
True
Let s(l) = -2*l**2 + 6*l - 6. Let c be s(4). Let t be (-6)/14 - 51316/c. Is 6/(30/t) + 4 a prime number?
False
Let m(d) = -205*d - 26. Let x(n) = n**2 - 2*n - 21. Let p be x(5). Let y be m(p). Suppose 5*s - y = 261. Is s a prime number?
True
Let g(l) = 3*l**2 - 7*l + 14. Let r be g(2). Let m(n) = 43*n**2 - 13*n - 65. Is m(r) prime?
False
Suppose 2*m + 129 = 6*m + 717. Suppose -4*i = 3*h + 25, -3*h - h - 4*i - 32 = 0. Is (-3397)/h - (-42)/m composite?
True
Suppose 24*x - 1617734 - 978562 = 0. Is x prime?
True
Suppose 498*n - 486*n - 2868636 = 0. Is n prime?
True
Let w(r) = 749*r**3 - 51*r**2 + 42*r + 27. Is w(7) a composite number?
False
Suppose a - 4*z = 60417, 4*a = -5*z + 360436 - 118663. Is a a composite number?
True
Is 1203874/(-35)*(-8)/(80/25) composite?
False
Let u = 17048 - 9009. Is u prime?
True
Suppose 0 = -4*l + 8, 2*l - 332843 = -2*t - 21621. Is t composite?
False
Let w(t) = t**2 - t. Let l(n) = 4*n**2 + n - 17. Let d(b) = -l(b) + 3*w(b). Let y be d(-6). Suppose -y*c = -5*g - 4075 - 12480, 3*c - 9929 = g. Is c composite?
True
Let x(a) = -a**2 - 5*a - 4. Let w be x(-4). Suppose -2*t + 5*m + 1794 = -460, 5*m = w. Suppose -4*c + 4019 = 3*o, -2*c + 896 = -3*o - t. Is c a prime number?
False
Suppose 4*b - 292724 = -17*q + 19*q, q = 5*b - 365905. Is b a composite number?
False
Let z(y) be the first derivative of 56*y**4/3 + 7*y**3/6 + 12*y**2 - 5*y + 17. Let n(a) be the first derivative of z(a). Is n(-3) a composite number?
True
Let v(b) = 188*b**3 + 12*b**2 + 3*b + 55. Is v(6) composite?
False
Let r be (-2)/((-2)/17) + -36 + 39. Suppose -r + 10 = -5*p. Suppose p*x + 5*u = 1798, -2*x + 3596 = 2*x - 2*u. Is x composite?
True
Let i(c) = -c**3 + 2*c**2 - 2*c + 4. Let t be i(0). Suppose 2603 = 3*y + 3*k - 340, t*y = 5*k + 3933. Is y prime?
False
Let i(l) = 3*l + 8. Let t be i(-2). Let d be (-2 - 0/2) + 22/t. Suppose -d*p = -11*p + 2434. Is p composite?
False
Let g(l) = -2*l**3 + 213*l**2 - 47*l + 91. Is g(75) a prime number?
True
Let h(i) = -229*i**3 + 14*i**2 + 6*i + 31. Is h(-8) prime?
True
Suppose 0 = 2*y + 3*y + r - 22, 0 = -y - 4*r + 12. Suppose 271*f - 256*f = 75. Suppose f*a - y*a = 446. Is a prime?
False
Suppose 2*b = 5*q + 16, 4*b - b = 4*q + 24. Suppose 30*o - 26*o = b. Is (-631)/(-3*o/30) prime?
False
Suppose 8714663 + 1320044 = 483*i - 13463726. Is i a prime number?
False
Suppose 7*j + 2*o = 11*j - 1468260, 0 = -4*j + o + 1468268. Is j a prime number?
True
Let g = -10906 + 11835. Is g composite?
False
Suppose -4*k + 0*k = 4*k - 128264. Is k composite?
False
Is (-293744781)/(-1386) + (-2)/28 composite?
True
Suppose s - 3*s + 102946 = -4*r, -5*r = -3*s + 154421. Is s composite?
True
Suppose -18*i = -20*i + 60*i - 5894366. Is i composite?
False
Suppose 0 = -49*q + 57*q - 1272536. Is q prime?
False
Let y be (46345/30 + (-1)/3)*2. Suppose -4*u - y = -s, -2*u + 12356 = 4*s - 6*u. Is s a composite number?
False
Let p(v) = -698*v + 40. Let i be p(-25). Is ((i/45)/(4/6))/1 a composite number?
True
Let h = 145707 - 91610. Is h prime?
False
Let h(y) = -y**2 + 9*y - 6. Let c be h(8). Let n = c - -3. Suppose 4*a + 455 = n*o, 6*a = o + 3*a - 80. Is o composite?
True
Suppose 3*x = 65385 - 528. Is x a composite number?
True
Let q be (4 - (11 + -5))*-1779. Is (-7 - -8)/(3*2/q) a composite number?
False
Let o be (-2)/(15/((-17190)/(-12))). Let c = -78 - o. Is c a prime number?
True
Suppose 0 = -3*b + l + 67217, -2*l + 0*l + 112010 = 5*b. Suppose 19*v = 13*v + b. Suppose -v - 3596 = -5*f. Is f a composite number?
True
Is (8908/(-102))/((-2)/381) composite?
True
Let y(i) = 4*i**2 - i**3 - 56*i + 15*i**2 + 55*i + 14. Let j be y(19). Let v(w) = -19*w + 39. Is v(j) composite?
True
Suppose 0 = -2*z - 2*q + 32, -4*q - 52 = -5*z - 2*q. Let s(b) = -166*b + 53. Let x(g) = -497*g + 149. Let l(w) = 11*s(w) - 4*x(w). Is l(z) prime?
True
Let r(c) = -518*c - 75. Suppose 6*o - 3*o + 5*y + 6 = 0, 15 = -3*o - 2*y. Is r(o) composite?
True
Suppose -39*i + 38*i = -4691. Suppose i = 5*h - 1059. Suppose -h = -6*j + 1688. Is j a prime number?
False
Let o(m) = 55*m - 7*m + 72*m + 1. Is o(32) a prime number?
False
Suppose -212403 + 144497 = -7*n + 181721. Is n a prime number?
False
Suppose -p + 3 = 0, -2*o - 3*p = -p - 10. Suppose -i + 2547 = o*m, 12735 = 5*i + m + m. Suppose -i = -5*w + 2*v, 2*w - w - 506 = -3*v. Is w composite?
False
Is 3228242/18 - ((-19)/57)/(3/2) composite?
True
Let b = 1584460 + -277643. Is b a composite number?
False
Suppose -3*k = -4*b + 6*b - 46787, 0 = -4*k + b + 62379. Is k prime?
False
Let c = -11 + 14. Suppose 7*v - c*v - 12 = 0. Suppose v*b - 7784 = -5*b. Is b a composite number?
True
Let o(r) = 5*r**2 + 4*r + 4. Let b be o(3). Let i = b + -64. Is ((3236 - -1)/i)/(1 + -2) a composite number?
True
Let w(z) = 21*z**3 - z**2 - 3*z + 1. Let g be w(2). Suppose g = -3*t - 99. Is -1*(t - (-4)/4) a prime number?
False
Let y(t) be the third derivative of -29*t**6/4 + t**5/30 + t**3/6 - 8*t**2. Is y(-3) composite?
False
Let n be (56/(-42))/((-4)/6). Suppose n*q - 3*u - 6507 = 0, -3*u - 1677 = -q + 1584. Suppose 10*b - 4*b - q = 0. Is b a composite number?
False
Suppose 0 = 19*g - 1240353 - 388004. Is g a prime number?
True
Let z(i) = 1202*i - 299. Is z(10) a prime number?
False
Let y = -149 + 298. Suppose 252 = 6*g - 2*g - 2*v, -316 = -5*g + 3*v. Let k = y + g. Is k composite?
False
Let f(c) = -3773*c - 443. Is f(-2) composite?
False
Suppose -2*r = 2*s + 230, -3*s + s - 233 = 3*r. Let q = -114 - s. Is q - ((-21583)/3 + (-22)/33) prime?
True
Let s = 78 + -91. Is 12336 - (s/52)/((-1)/12) a prime number?
False
Suppose -40*z + 33*z + 169379 = 0. 